 -937 - -487. Let t = 921 + q. What is the units digit of t?
1
Let v(g) = -3*g**2 + 53*g + 80. Let r(s) = -4*s**2 + 50*s + 79. Let o(u) = -5*r(u) + 6*v(u). What is the hundreds digit of o(-37)?
3
What is the thousands digit of (-59*(-1)/(-4))/((-22)/4488)?
3
Let w be (-394)/4*(1 + 1). Suppose -5*d - 22*d - 1189 = -244. Let k = d - w. What is the units digit of k?
2
Let k(d) = 2*d**2 - 78*d + 550. What is the ten thousands digit of k(-60)?
1
Suppose -5*k = -4*b + b + 132, 2*b = 8. What is the units digit of (-6114)/k + (-3)/(-12)?
5
Let o be (-961)/5 - 2/(-10). Let l(u) = -u**3 - 27*u**2 + 16*u - 56. Let n be l(-28). Let w = o + n. What is the tens digit of w?
8
Let a = 488 - 494. What is the tens digit of 44190/75 + (-3)/15 - a?
9
Let s be 47/12 + 5/60. Suppose -s = -5*z + 1, 2*w = -5*z + 61. What is the units digit of w?
8
Suppose 5*h + 14*h - 159866 = 5*h. What is the tens digit of h?
1
What is the units digit of -18 - (-364)/28 - ((-32254)/2 + -1)?
3
Suppose -79*p - 36792 = -435*p + 4572340. What is the tens digit of p?
4
Let h = 4091 - 1338. What is the thousands digit of h?
2
Suppose 28*f = 5*o + 31*f - 28057, 4*o = -5*f + 22456. What is the thousands digit of o?
5
Let q(w) = 5*w - 50. Let j be q(9). Let a be 1*(-1890)/j + 0. Suppose 25*d - 19*d = a. What is the tens digit of d?
6
Let a(d) = 125*d + 2021. What is the thousands digit of a(45)?
7
Suppose -188*m + 173*m + 204660 = 0. What is the hundreds digit of m?
6
Let d be (24598/28)/((-1)/2). Let x = 2648 + d. Suppose -7*r = -460 - x. What is the tens digit of r?
9
Let o be 0 - 15824/(-5) - 76/(-380). Suppose 4*t - 4*b = b + o, -5*b = 5. What is the units digit of t?
0
Suppose -3*s = 3*o + 9, -5 - 4 = 3*s. What is the hundreds digit of (2/1)/(3/291 + o)?
1
Suppose -10743 = 2*a - 4*p - 56949, 0 = 4*a + 6*p - 92412. What is the ten thousands digit of a?
2
Let c(v) = -v**3 + 5*v**2 + 8*v - 1. Let h be c(7). Suppose 184 = -2*m - 7*n + 4*n, 2*n = 8. Let b = h - m. What is the tens digit of b?
5
What is the tens digit of -2*(-1 - 7)*34836/48?
1
Suppose -16*n + 20*n - 22440 = 0. What is the tens digit of n?
1
Let i = -152 + 85. Suppose -5*q = 5, -275 = -2*r + 2*q + q. Let c = r + i. What is the units digit of c?
9
Suppose -2154 = -15*n + 1026. Suppose -539 - n = -k. What is the units digit of k?
1
Let b(r) = 55*r - 16. Suppose -17 + 5 = -p + 3*a, 0 = -2*p - 3*a + 15. Let w be b(p). Suppose 5*m + l = w, 5*m - 4*m = 2*l + 87. What is the tens digit of m?
9
Suppose -25*a + 1075146 = 49*a. What is the tens digit of a?
2
Suppose 0 = -4*o + o - 4*q - 110, 0 = -5*o - q - 172. Let r = -13 - o. Suppose 14*c = r*c - 1190. What is the hundreds digit of c?
1
Let g(b) = -8*b**2 - 25*b + 43. Let l(d) = -23*d**2 - 74*d + 128. Let k(j) = 8*g(j) - 3*l(j). What is the hundreds digit of k(-18)?
1
Suppose 545*y - 614*y + 214568 = -1779670. What is the tens digit of y?
0
Let a(z) = 664*z**3 + 15*z**2 + 1. What is the hundreds digit of a(1)?
6
Let d(h) = -h**3 - 16*h**2 - 40*h - 39. Let v(c) = c**3 - 30*c**2 + 28*c + 13. Let l be v(29). What is the hundreds digit of d(l)?
6
Suppose -8075 - 51790 = -13*b. What is the tens digit of b?
0
Let o(m) = -407*m + 291. What is the thousands digit of o(-9)?
3
Let a = 169 - 167. Suppose -15*w + 17*w + 58 = 4*s, 0 = -a*w + 10. What is the tens digit of s?
1
What is the hundreds digit of (2/8)/(20/16) - (-67468)/10?
7
Let o(p) = 74*p**3 - p**2 - 29*p - 63. What is the thousands digit of o(7)?
5
Suppose 0 = -5*m + 29 + 3421. Suppose 5*i + m - 7250 = 0. What is the thousands digit of i?
1
Suppose 133*c - 3899314 = 138300. What is the hundreds digit of c?
3
What is the tens digit of -9*(-2915834)/2349 + 4/18?
7
Suppose -92512 = -16*s - 16*s. What is the thousands digit of s?
2
Suppose -32 = -3*n - 26. Suppose 590 = n*k - 4*w + 3*w, 0 = k + 5*w - 295. What is the tens digit of k?
9
Let n = 157 + 65. Let v = n - 144. Suppose v = 6*r - 4*r. What is the units digit of r?
9
Let s(l) = l**3 + 2*l**2 + 8*l - 22. Let r(z) = -z**3 + z**2 + 1. Let n(w) = 2*r(w) + s(w). What is the units digit of n(4)?
2
Suppose 0 = 4*l + 4*g - 8, -12 = -2*l + 2*g. Suppose l*o - 17 = -3*j, -4*o + 20 + 3 = 5*j. What is the units digit of (3 - 0)*1 + 37*o?
7
Let p = 14708 - 9920. What is the tens digit of p?
8
Let r be -21 + 12 + 13 + 3*3. Suppose -r*u - 2*k = -12*u - 1043, -2083 = -2*u - k. What is the thousands digit of u?
1
Let j = 26 + 29. Let q = j + -62. Let t = q + 79. What is the units digit of t?
2
What is the tens digit of (1/1)/(81/(-324))*(-8254 + 2)?
0
Let c be (1528/72 - -3) + (-2)/9. Suppose -2461 = a - c*a. What is the hundreds digit of a?
1
Let k(d) = 3*d**2 - 2*d - 1. Let f = 30 + -5. Suppose 23*w = f*w - 12. What is the units digit of k(w)?
5
Let b be (-28)/(-2) - (-3 - 20/(-4)). Suppose 0 = 3*z - b*z + 2925. What is the tens digit of z?
2
Suppose 0 = -5*i + 1736 + 419. Suppose 0 = c - 4*v + 247, -3*c + 4*v + i = 1212. What is the tens digit of c*(-3 - (-40)/15)?
8
Let t(j) = -j**3 - 8*j**2 + 9*j + 3. Let w be t(-9). Suppose -y + 4*a = w*a + 137, -2*a + 134 = -y. Let h = 204 + y. What is the units digit of h?
4
Let i(f) = -f**2 + 7*f + 22. Let v be i(9). Let s be -3 + v/(8/326). Suppose 0 = -7*x + 169 + s. What is the units digit of x?
7
Let y(q) = 5218*q**2 + 82*q - 83. What is the tens digit of y(1)?
1
Suppose -3*o + 11 = -13. Suppose 0 = 5*t + 3*w + 99 - o, -w = -3. What is the units digit of (-2)/(-8) + (2 - 2675/t)?
6
Suppose -4*r - 30*b + 29*b + 52299 = 0, 3*b + 65395 = 5*r. What is the tens digit of r?
7
Suppose 6*k - 3*k = 5*y - 10, -2*y - 3*k = -25. Suppose -637 = -5*w + 2*h + 1290, -4*h = -y*w + 1919. What is the units digit of w?
7
Suppose 0 = -x - 71 + 57. Let m be (-1)/(x/(-6) + -2). What is the tens digit of 873/6 + (-2)/4 - m?
4
Suppose -28*r + 26723 = -15613. What is the units digit of r?
2
Let q = -773 + 0. Let c = 1713 + q. What is the units digit of c?
0
Let d(b) = b**3 + 13*b**2 + 20*b - 6. Let c be d(-7). Suppose -m = -c + 147. Suppose -24 = -y + m. What is the tens digit of y?
2
Suppose -2*v = 4*z - 71104, 0 = z - 3*v - 10606 - 7149. What is the tens digit of z?
7
Let y(k) = -3*k**3 + 18*k**2 - 12*k - 1. Let n(f) = 7*f**3 - 38*f**2 + 24*f + 3. Let c(p) = 2*n(p) + 5*y(p). What is the tens digit of c(12)?
4
Suppose 0 = 11*c + 129 + 113. What is the hundreds digit of 233987/451 - 4/c?
5
Let k = -18933 - -33929. What is the hundreds digit of k?
9
Suppose 3*n = 4*z - 155893, n = -z + 3*n + 38962. What is the ten thousands digit of z?
3
Let f = 66 + -18. Let r = 76 - f. Suppose -m = 3*j - r, 5*m + 59 = -3*j + 235. What is the tens digit of m?
3
Let d be -3*-3*(-3)/(-9). Suppose 2*q = -d*q + 90. Suppose 354 = 5*k - 4*b, 0 = 5*k + 3*b - q - 364. What is the tens digit of k?
7
Let r(t) = -12*t + 57. Let h be r(11). Let j = 75 + h. Suppose -5*z - 2*w + j*w + 1011 = 0, -w = -z + 205. What is the tens digit of z?
0
Suppose -136 = -6*y - 52. Suppose -3*h + y*h - 9603 = 0. What is the tens digit of h?
7
What is the tens digit of (3 - -4) + -3 + 0 + 44?
4
Let r(o) = o**2 - o - 2. Let m be r(3). Suppose -38107 - 9946 = -81*l - 5528. Suppose -m*j + k + l = 0, 3*j + 141 = 4*j + 3*k. What is the hundreds digit of j?
1
Suppose -850 = -3*i + g, 0 = -3*i + 57*g - 60*g + 834. Suppose -14*d = -15*d + 4*c + i, -3*c + 303 = d. What is the hundreds digit of d?
2
Suppose 151 + 734 = 3*n. Let r = n + 125. What is the tens digit of r?
2
Suppose j + 8 = q, 0 + 1 = -3*q - 2*j. Suppose -i = -q*g + 76, 22 = g + i - 10. Suppose h + g = 68. What is the tens digit of h?
4
Let q(w) = -w**3 + 7*w**2 - 2*w - 9. Let i(u) = u**2 - 1. Let y = -61 + 60. Let v(j) = y*q(j) + 4*i(j). What is the hundreds digit of v(6)?
1
Let r(d) = -3*d**3 + 19*d**2 - 87*d - 11. Let s(i) = i**3 - i**2 - i - 2. Let x(h) = -r(h) + 3*s(h). What is the units digit of x(6)?
3
Let k(j) = -2*j**3 - 104*j**2 + 74*j - 1. What is the hundreds digit of k(-53)?
6
Let t(s) = s**3 + 15*s**2 + 10*s - 27. Let g be 3/((-18)/78) - 0. What is the units digit of t(g)?
1
Let v be 24/(-96) + (-54)/8. What is the hundreds digit of (-9927)/v + (-15)/105?
4
What is the units digit of 0 + 1 + (298 - -524)?
3
Let o(r) = 67*r - 37. Suppose -k - 22*k + 184 = 0. What is the tens digit of o(k)?
9
What is the thousands digit of -9 - 1 - (-10 - (1 - -7651))?
7
